{"id":3007,"date":"2015-12-05T21:38:58","date_gmt":"2015-12-05T20:38:58","guid":{"rendered":"http:\/\/vonheidus.bplaced.net\/piko\/?page_id=3007"},"modified":"2021-11-27T18:04:05","modified_gmt":"2021-11-27T17:04:05","slug":"hersteller-von-modellwaren","status":"publish","type":"page","link":"https:\/\/piko-n-bahn.de\/?page_id=3007","title":{"rendered":"Hersteller"},"content":{"rendered":"\n<h2 class=\"has-text-align-center wp-block-heading\">Herstellerschl\u00fcsselnummern des<br \/>VE Kombinat PIKO<\/h2>\n\n\n\n<p><\/p>\n\n\n\n<p>Die nachfolgende Liste&nbsp;&nbsp;gibt einen \u00dcberblick \u00fcber die im VEB Kombinat Spielwaren Sonneberg eingegliederten Firmen bzw Betriebsteile. Anhand der 3-stelligen Nummer kann in den Artikelnummern der jeweilge Hersteller festgestellt werden. Dabei wurden vorangestellte Nullen auch schon ab und zu mal weggelassen.<\/p>\n\n\n\n<p>&#8230;\/005\/&#8230;&nbsp;<a href=\"https:\/\/de.wikipedia.org\/wiki\/Piko\" target=\"_blank\" rel=\"noreferrer noopener\">PIKO Sonneberg<\/a><br \/>&#8230;\/009\/&#8230;&nbsp;<a href=\"http:\/\/www.ostfirmen.de\/tag\/veb-plasta-werke-sonneberg\/\" target=\"_blank\" rel=\"noreferrer noopener\">VEB Plasta-Werke Sonneberg<\/a>&nbsp;Abt. Thermoplaste Theuern<br \/>&#8230;\/010\/&#8230;&nbsp;<a href=\"https:\/\/de.wikipedia.org\/wiki\/Marolin_%E2%80%93_Richard_Mahr\" target=\"_blank\" rel=\"noreferrer noopener\">VEB PLAHO<\/a>&nbsp;6406 Steinach\/Th\u00fcr. &#8211; Tierfiguren &#8211;<br \/>&#8230;\/012\/&#8230; VEB Plastaform Gr\u00e4fenthal (VEB Anker Mechanik Eisfeld)<br \/>&#8230;\/013\/&#8230; VEB Sonni Sonneberg (Puppen und Pl\u00fcschtiere)<br \/>&#8230;\/014\/&#8230; VEB K\u00f6sener Spielzeug Bad K\u00f6sen<br \/>&#8230;\/027\/&#8230; VEB Spielzeugland Mengersgereuth-H\u00e4mmern<br \/>&#8230;\/029\/&#8230; VEB Spielzeug-Elektrik Meiningen ( im VEB Piko Sonneberg)<br \/>&#8230;\/045\/&#8230; VEB Funktechnische Werke Geyer &#8211; Formsignale mit Dauerstromantrieb &#8211;<br \/>&#8230;\/060\/&#8230; VEB Spielzeugelektrik Meiningen<br \/>&#8230;\/062\/&#8230; VEB Kombinat Metallaufbereitung Halle &#8211; SPW 40 u. 60, Taktische Rakete, PT 76<br \/>( \u00dcbernahme von espewe) und Tatra 815 &#8211;<br \/>&#8230;\/100\/&#8230; VEB Kunststoffverarbeitung Sebnitz<br \/>&#8230;\/108\/&#8230; Metallwarenfabrik Stadtilm (Spur S)<br \/>&#8230;\/109\/&#8230; Karl Scheffler KG Marienberg<br \/>&#8230;\/128\/&#8230; VEB VERO Werk 8 Gr\u00fcnhainichen<br \/>&#8230;\/129\/&#8230;&nbsp;<a href=\"https:\/\/de.wikipedia.org\/wiki\/VERO\" target=\"_blank\" rel=\"noreferrer noopener\">VERO Olbernhau<\/a><br \/>&#8230;\/135\/&#8230; VEB Modell- und Plastspielwaren- Kombinat Annaberg-Buchholz (espewe)<br \/>&#8230;\/143\/&#8230; VEB Plasticart &#8211; Werk 6 &#8211; Plauen (PGH Eisenbahnmodellbau Plauen, sp\u00e4ter VEB , vorm. W. Swart Plauen)<br \/>&#8230;\/160\/&#8230;&nbsp;<a href=\"https:\/\/de.wikipedia.org\/wiki\/Auhagen_(Modelleisenbahn)\" target=\"_blank\" rel=\"noreferrer noopener\">Auhagen KG<\/a>,&nbsp;<a href=\"https:\/\/de.wikipedia.org\/wiki\/MAMOS\" target=\"_blank\" rel=\"noreferrer noopener\">Mamos<\/a><br \/>&#8230;\/173\/&#8230; PGH &#8222;Metall und Kunststoff&#8220; Fredersdorf b. Berlin (vorm. Fa.Gebert)<br \/>&#8230;\/188\/&#8230; VEB Ger\u00e4te- und Reglerwerk Teltow (GRW) &#8211; MBS-Bausteine &#8211;<br \/>&#8230;\/190\/&#8230; VEB Plasticart Annaberg-Buchholz Werk 5 Zwickau (vorm. G\u00fctzold)<br \/>&#8230;\/213\/&#8230; VEB Modelleisenbahn-Zubeh\u00f6r Glauchau (vorm. Fa. Kl\u00f6tzner, Glauchau)<br \/>&#8230;\/217\/&#8230; Max K\u00fcffner KG, Klingenthal<br \/>&#8230;\/253\/&#8230; VEB VERO Olbernhau Werk 9 Kleinhartmannsdorf<br \/>&#8230;\/255\/&#8230; VEB Plasticart Produktionsst\u00e4tte 4 Markneukirchen<br \/>(ehem. VEB Feinmechanik Markneukirchen, vorm. Sachsenmeister K.G.)<br \/>&#8230;\/262\/&#8230; VEB Modellbahnzubeh\u00f6r Marienberg (ehemals Karl Scheffler KG)<br \/>&#8230;\/269\/&#8230; PGH Elektro-Mechanik Kesselsdorf<br \/>&#8230;\/300\/&#8230; VEB Feintechnik Eisfeld<br \/>&#8230;\/3040\/&#8230; VEB Spielwaren-Mechanik Pfaffschwende Werk II Weimar<br \/>&#8230;\/309\/&#8230; VEB BIGGI Walthershausen (vorm. Kellner)<br \/>&#8230;\/311\/&#8230; VEB Metallwaren Schmerbach ( im VEB KSB D\u00f6beln)<br \/>&#8230;\/331\/&#8230; VEB Plastspielwaren 5808 Tabarz<br \/>&#8230;\/334\/&#8230; Altenburger Spielkartenfabrik im Verlag f\u00fcr Lehrmittel P\u00f6\u00dfneck<br \/>&#8230;\/352\/&#8230; VEB Plastspielwaren 5812 Waltershausen plaspi (ehem. Karl Ribasch KG &#8222;kari&#8220;)<br \/>&#8230;\/364\/&#8230; VEB Perfecta Bautzen<br \/>&#8230;\/369\/&#8230; Elfriede Jahn Holzspielwarenfabrik Ossla b. Wurzbach<br \/>&#8230;\/384\/&#8230; VEB PREFO Werk Dresden &#8211; Autorennbahn &#8211;<br \/>&#8230;\/393\/&#8230; Modelleisenbahnbau Werner Ehlcke KG Dresden (bis 1969)<br \/>&#8230;\/398\/&#8230; VEB Kamenzer Spielwaren<br \/>&#8230;\/399\/&#8230; VEB PREFO Dresden Werk 3 Modellbahnzubeh\u00f6r Glash\u00fctte (vorm. Hruska) (Permot)<br \/>&#8230;\/404\/&#8230; VEB Robotron-Durotherm Sohland\/Spree<br \/>&#8230;\/414\/&#8230; VEB Kunststoffverarbeitungsindustrie Sebnitz B(etriebs)T(eil) V,<br \/>auch VEB Modellgleis- und Werkzeugbau Sebnitz ( vorm. F.Pilz )<br \/>&#8230;\/426\/&#8230;&nbsp;<a href=\"https:\/\/de.wikipedia.org\/wiki\/Prefo\" target=\"_blank\" rel=\"noreferrer noopener\">VEB PREFO<\/a>&nbsp;Dresden Werk 2 Modellbahn Oybin (VEB Modellbahn Oybin, vormals St\u00e4rz &amp; Co),<br \/>&#8230;\/426\/&#8230;&nbsp;<a href=\"https:\/\/de.wikipedia.org\/wiki\/Schicht_(Modelleisenbahnhersteller)\" target=\"_blank\" rel=\"noreferrer noopener\">VEB Modellbahnwagen Dresden (ehem. Schicht)<\/a><br \/>&#8230;\/469\/&#8230; R\u00fcma<br \/>&#8230;\/473\/&#8230; VEB Leipziger Modellbahnbau (vorm. Herbert Stein KG)<br \/>&#8230;\/479\/&#8230; VEB Famos Leipzig<br \/>&#8230;\/485\/&#8230; VEB Modellkonstrukt Leipzig<br \/>&#8230;\/501\/&#8230; VEB Harzer Schmuck Quedlinburg<br \/>&#8230;\/509\/&#8230; VEB Plastica Bad K\u00f6sen (PEBE) -Plastbausteine \u00e4hnlich LEGO-<br \/>&#8230;\/510\/&#8230; Spielwarenfabrik Kurt Dahmer KG, Bernburg\/Saale<br \/>&#8230;\/511\/&#8230; Modelleisenbahnzubeh\u00f6r H. Ethner Naumburg(S.)<br \/>&#8230;\/513\/&#8230; VEB Modellspielwaren K\u00f6then (TeMos) vorm. Herbert Franzke KG K\u00f6then<br \/>&#8230;\/519\/&#8230; VEB Modellspielwaren Halle\/ Saale ( vorm. Rarrasch\/SIBA)<br \/>&#8230;\/521\/&#8230; Schr\u00f6ters Technische Lehrmittel Mechanische Werkstatt 4350 Bernburg &#8211; Turmdrehkr\u00e4ne &#8211;<br \/>&#8230;\/536\/&#8230; VEB Berlinplast \/ minicar \/ s.e.s. (ehem.&nbsp;<a href=\"https:\/\/de.wikipedia.org\/wiki\/L._Herr_KG\" target=\"_blank\" rel=\"noreferrer noopener\">Herr KG<\/a>)<br \/>&#8230;\/541\/&#8230; VEB Berlinplast BT III Kiefholzstrasse 49<br \/>&#8230;\/545\/&#8230; Zeuke &amp; Wegwerth \/<a href=\"https:\/\/de.wikipedia.org\/wiki\/Berliner_TT-Bahnen\" target=\"_blank\" rel=\"noreferrer noopener\">&nbsp;VEB Berliner TT-Bahnen<\/a><br \/>&#8230;\/550\/&#8230; VEB Mechanische Spielwaren Brandenburg (MSB)<br \/>&#8230;\/585\/&#8230; VEB Plasticart Annaberg-Buchholz Werk 7 Grossr\u00e4schen<br \/>&#8230;\/776\/&#8230; VEB Elektro-Haushaltger\u00e4te Dresden BT Technoplast Klingenberg-Hosenm\u00fchle<br \/>&#8230;\/786\/&#8230; VEB Metaplast 4300 Quedlinburg &#8211; Sandspielzeug, Souvenirartikel, Tischfussballspiel (\u00e4hnlich Tipp-Kick) &#8211;<br \/>&#8230;\/787\/&#8230; VEB Werk f\u00fcr Signal- und Sicherungstechnik Berlin (WSSB) &#8211; Gleisbildpult &#8211;<br \/>&#8230;\/895\/&#8230; VEB Spielwaren-Mechanik Pfaffschwende<\/p>\n\n\n\n<p class=\"has-text-align-right has-small-font-size\">(Quelle:&nbsp;<a href=\"http:\/\/www.hobbivasut.hu\/forum\/topic_24_from.html?pg=39\" target=\"_blank\" rel=\"noreferrer noopener\">http:\/\/www.hobbivasut.hu\/forum\/topic_24_from.html?pg=39,<\/a>&nbsp;)<br \/>(Das Urheberrecht daf\u00fcr beansprucht Uwe G\u00f6ldner, welcher diese Liste zuerst unter&nbsp;<a href=\"http:\/\/alte-modellbahnen.xobor.de\/t13688f32-Generelle-Frage-zu-DDR-Herstellern.html\" target=\"_blank\" rel=\"noreferrer noopener\">http:\/\/alte-modellbahnen.xobor.de\/t13688f32-Generelle-Frage-zu-DDR-Herstellern.html<\/a>&nbsp;ver\u00f6ffentlicht hat und dort immer noch pflegt.&nbsp; Vielen Dank f\u00fcr die Zusammenstellung)<\/p>\n","protected":false},"excerpt":{"rendered":"<p>Herstellerschl\u00fcsselnummern desVE Kombinat PIKO Die nachfolgende Liste&nbsp;&nbsp;gibt einen \u00dcberblick \u00fcber die im VEB Kombinat Spielwaren Sonneberg eingegliederten Firmen bzw Betriebsteile. Anhand der 3-stelligen Nummer kann &hellip; <\/p>\n","protected":false},"author":1,"featured_media":0,"parent":4479,"menu_order":0,"comment_status":"closed","ping_status":"closed","template":"","meta":{"_uag_custom_page_level_css":"","footnotes":""},"class_list":["post-3007","page","type-page","status-publish","hentry"],"uagb_featured_image_src":{"full":false,"thumbnail":false,"medium":false,"medium_large":false,"large":false,"gs-tiny":false,"xl":false,"xxl":false,"xxxl":false,"xxxxl":false,"xxxxxl":false,"1536x1536":false,"2048x2048":false,"classic-grid-listing":false,"classic-list-listing":false,"modern-grid-listing":false,"product-page-image":false,"product-category-page-image":false,"bam-large":false,"bam-featured":false,"bam-list":false,"bam-thumb":false,"bam-small":false,"mailpoet_newsletter_max":false,"tptn_thumbnail":false},"uagb_author_info":{"display_name":"Harald","author_link":"https:\/\/piko-n-bahn.de\/?author=1"},"uagb_comment_info":0,"uagb_excerpt":"Herstellerschl\u00fcsselnummern desVE Kombinat PIKO Die nachfolgende Liste&nbsp;&nbsp;gibt einen \u00dcberblick \u00fcber die im VEB Kombinat Spielwaren Sonneberg eingegliederten Firmen bzw Betriebsteile. Anhand der 3-stelligen Nummer kann &hellip;","_links":{"self":[{"href":"https:\/\/piko-n-bahn.de\/index.php?rest_route=\/wp\/v2\/pages\/3007","targetHints":{"allow":["GET"]}}],"collection":[{"href":"https:\/\/piko-n-bahn.de\/index.php?rest_route=\/wp\/v2\/pages"}],"about":[{"href":"https:\/\/piko-n-bahn.de\/index.php?rest_route=\/wp\/v2\/types\/page"}],"author":[{"embeddable":true,"href":"https:\/\/piko-n-bahn.de\/index.php?rest_route=\/wp\/v2\/users\/1"}],"replies":[{"embeddable":true,"href":"https:\/\/piko-n-bahn.de\/index.php?rest_route=%2Fwp%2Fv2%2Fcomments&post=3007"}],"version-history":[{"count":1,"href":"https:\/\/piko-n-bahn.de\/index.php?rest_route=\/wp\/v2\/pages\/3007\/revisions"}],"predecessor-version":[{"id":13274,"href":"https:\/\/piko-n-bahn.de\/index.php?rest_route=\/wp\/v2\/pages\/3007\/revisions\/13274"}],"up":[{"embeddable":true,"href":"https:\/\/piko-n-bahn.de\/index.php?rest_route=\/wp\/v2\/pages\/4479"}],"wp:attachment":[{"href":"https:\/\/piko-n-bahn.de\/index.php?rest_route=%2Fwp%2Fv2%2Fmedia&parent=3007"}],"curies":[{"name":"wp","href":"https:\/\/api.w.org\/{rel}","templated":true}]}}